f o.
2, 3
Let p(d) = -18*d - 9. Let z be p(-1). What are the prime factors of (6/z + 4)*(1 + 5)?
2, 7
Let u(w) = -295*w**3 + 8*w + 23. What are the prime factors of u(-2)?
3, 263
Let v(f) = -f - 5. Let s be v(16). Let i = -16 - s. List the prime factors of i.
5
Let l = -13 + 14. Let k be (-2 - l) + 1 - -6. Suppose -k*a - 3*u = -59, u + 0*u = 3*a - 54. What are the prime factors of a?
17
Let l(z) = -8*z**2 - 5*z + 4. Let c(u) = -7*u**2 - 4*u + 3. Let n(t) = -4*c(t) + 3*l(t). Let r be (10/(-30))/(1/6). List the prime factors of n(r).
2, 7
Let w(y) = -y**2 - 14*y + 39. Let z be w(-14). Suppose 0 = -u + 8 + z. What are the prime factors of u?
47
Let u(v) = 10*v + 6. Let q(d) = 17*d - 6*d - 2 + 4 + 3. Let n(c) = 4*q(c) - 5*u(c). What are the prime factors of n(-10)?
2, 5
Let j(l) = -2*l - 3. Let f(p) = -p. Let n be f(-3). Let k be -12 - (n - 6 - 0). What are the prime factors of j(k)?
3, 5
Let g = 304 + 489. List the prime factors of g.
13, 61
Let r(u) = -13*u + 13*u**3 - 24*u**3 - 3 + 10*u**3 - 13*u**2. What are the prime factors of r(-13)?
2, 83
Let y(l) = 45*l + 292. What are the prime factors of y(26)?
2, 17, 43
What are the prime factors of 1/((33/(-927))/(-11))?
3, 103
Suppose -3*r - 15 = 2*r, 5*w + 4*r + 27 = 0. List the prime factors of (w - 11)/(4/(-22)).
7, 11
Let o be (-84)/49*(-7)/2. Let s be 3/(-6)*o - -7. Suppose -4*w - u = u - 42, 5*u = s*w - 21. List the prime factors of w.
3
Let y(c) = 146*c**2 - 6*c + 1. List the prime factors of y(1).
3, 47
Let o(k) = -k**3 + 20*k + 9. What are the prime factors of o(-8)?
19
What are the prime factors of -212*(-38)/95*(-10)/(-8)?
2, 53
Suppose -79*r + 72*r = -10045. List the prime factors of r.
5, 7, 41
Suppose -4*k + 6*k = 942. Suppose 0 = 4*u - 141 - k. List the prime factors of u.
3, 17
List the prime factors of 12/(-8)*53024/(-48).
1657
Suppose 2*a = 3*i - 3*a - 14, 3 = -3*a. Suppose 20 = 4*c, -i*w + 2*c = 7*c - 91. What are the prime factors of w?
2, 11
What are the prime factors of (261/(-5))/(5/75*-3)?
3, 29
Let c(m) = 20*m**2 - 53*m - 10. List the prime factors of c(-13).
3, 11, 41
Let s be (-12)/9*6/4. Let y be (s/(-6))/(4/588). Suppose h + 2*c - c = 21, 0 = 2*h - 5*c - y. List the prime factors of h.
2, 11
Let m(q) = 150*q**2 - 17. What are the prime factors of m(-3)?
31, 43
Suppose -1190 = -56*n + 51*n. Let g = 147 + n. Suppose 2*k + 3*k - g = 0. What are the prime factors of k?
7, 11
What are the prime factors of (-27950)/(-22) + 54/99?
31, 41
Suppose s + 0*s = 574. List the prime factors of s.
2, 7, 41
Suppose 4*j + 2350 = 3*n - n, -3*n + 5*j + 3527 = 0. What are the prime factors of n?
3, 131
Suppose 2348 = 2*m + 4*k, -4*m = -14*k + 13*k - 4705. List the prime factors of m.
2, 3, 7
Let g = 118 + -39. Suppose -g = 5*b - 394. What are the prime factors of b?
3, 7
Let g(f) = 8*f**2 - 3*f + 26. List the prime factors of g(12).
2, 571
Let s(b) = 36*b + 573. List the prime factors of s(0).
3, 191
Let y = 1581 + -871. List the prime factors of y.
2, 5, 71
Let z be (-119 + (-2)/2)/((-10)/20). What are the prime factors of (-7)/(4/(z/(-4)))?
3, 5, 7
Let c = -125 + 68. Let n = -36 - c. Let l = n + -7. List the prime factors of l.
2, 7
Suppose 2*k - 4 = 6. Suppose -115 = -k*o - 0*o. What are the prime factors of o?
23
Let s be (-50)/35*1*-7. Let z = s + 70. Suppose -4*v = -0*v - z. What are the prime factors of v?
2, 5
Let y(b) = -b**3 + 3*b**2 + 5*b - 3. Let j be y(3). Suppose -2*o + 4 = -j. Suppose f - 3 = -w + o, 3*w - 59 = -5*f. What are the prime factors of f?
13
Let j = -55 + 58. Let q = j + 32. List the prime factors of q.
5, 7
Let g be -27*((-7)/3 + 3). Let v = 26 + g. List the prime factors of 2*(44/v + -1).
3
Let d be -1 + 295 + 8/(56/(-21)). Let y = -123 + d. What are the prime factors of y?
2, 3, 7
Let k = 1069 + -763. What are the prime factors of k?
2, 3, 17
Suppose 0*o + 3*q = -3*o + 66, 5*o = 3*q + 110. Let f be (o/4)/((-4)/80). Let j = f - -162. What are the prime factors of j?
2, 13
Let g = -45 - -32. Let t = -8 - g. Suppose -t*x + 223 = -117. List the prime factors of x.
2, 17
Suppose -2*v + 0*v + 54 = 5*h, 3 = -v. Suppose -4*g - 5 = -5*g, 4*s - 173 = -g. Suppose -5*i + s = h. What are the prime factors of i?
2, 3
Let i(a) = -11*a + 22. List the prime factors of i(-4).
2, 3, 11
Let u(b) = 14*b - 3. Let d(g) = -g - 2. Let t be d(-4). Suppose -3*k + 5*w = -30, 2*k + 2*w = t + 2. List the prime factors of u(k).
67
Let q(b) = b + 42 + 7 - 22. What are the prime factors of q(19)?
2, 23
Suppose -2*z = -387 - 561. Suppose -3*t + z = -0*h + 2*h, 4*t = h + 643. List the prime factors of t.
2, 5
Let q be (-8)/(-6)*18*-1. Let h = -20 - q. Suppose -h*w = -2*w - 64. List the prime factors of w.
2
Let i(m) be the third derivative of -m**4/4 + m**3/2 + 2*m**2. Let h be i(-6). Suppose 9 = -d + 5*k, 5*k - 2*k = -5*d + h. What are the prime factors of d?
2, 3
Let x = 792 - 414. What are the prime factors of x?
2, 3, 7
Let m = 800 - -141. What are the prime factors of m?
941
Let m = 457 - 295. Suppose 0*k - u = 2*k - 108, -4*u = 3*k - m. What are the prime factors of k?
2, 3
Let v = 43 + -45. What are the prime factors of (5/(-15))/(v/1068)?
2, 89
Let r(n) = -n**2 - 8*n - 6. Let k be r(-6). Suppose 2*v = k - 2. Suppose -2*j + 72 = v*j. What are the prime factors of j?
2, 3
Let z(r) = -r**2 + 2*r + 12. Let h be z(5). Let f be 2/(h/(-3)) + 9. What are the prime factors of (-8 - -5) + 1 + f?
3
Suppose 0 = 5*i + 12*t - 9*t - 6076, -3*t + 3642 = 3*i. What are the prime factors of i?
1217
Let a be (-8)/12 + (-695)/(-3). Suppose -3*s + 4*y + 367 = 2*s, 3*s = -3*y + a. List the prime factors of s.
3, 5
Suppose 3*o - 188 = -l, -4*l = l + 5*o - 890. List the prime factors of l.
173
Suppose -5*k + 3223 = 3*i, 0 = -5*i + 4*i - 4. What are the prime factors of k?
647
Let j(r) be the second derivative of -r**5/20 - r**3/6 + 8*r**2 + 7*r. Let t be j(0). List the prime factors of (33/(-4))/((-3)/t).
2, 11
Let p(m) = -23*m + 35. Let t(a) = -47*a + 69. Let x(s) = 13*p(s) - 6*t(s). List the prime factors of x(-8).
3, 59
Suppose d - 121 = -2*d - 4*t, -3*d + t + 101 = 0. Suppose 3*u - 2 + d = 0. Let z = 25 + u. List the prime factors of z.
2, 7
Let m(x) = x**3 - x - 2. Let k be m(-2). Let p = k - -11. Suppose -2*j + 99 = 4*a - 3, 78 = p*a + 2*j. List the prime factors of a.
2, 3
Let r(s) = -s + 9. Let t be r(4). Suppose 2*l + 2*z = 3*z + 5, 2*z = 3*l - 6. Suppose -174 = -t*v - l. List the prime factors of v.
2, 17
Let d(o) be the first derivative of o**4/4 + 11*o**3/3 - 17*o**2/2 - 39*o - 10. List the prime factors of d(-11).
2, 37
Suppose 0 = -2*z - 4*i + 3*i + 1085, 2*z - i - 1095 = 0. What are the prime factors of z?
5, 109
Suppose 3*f - f = 718. Let c = 532 - f. List the prime factors of c.
173
Suppose 3*c - 6 = -3*z + 4*z, 3*z + 18 = 4*c. Let u(s) = -13*s - 20. What are the prime factors of u(z)?
2, 29
Suppose -19 + 7 = 3*h, -3*a + h = -13. Let z be 2 - a - (2 + -33). Let u = -10 + z. What are the prime factors of u?
2, 5
Let w be -4*(3 - (117 - 3)). What are the prime factors of (w/(-8))/((-6)/8)?
2, 37
Let g(f) be the first derivative of 5 - 3*f**2 + 1 + 26*f - 23*f - f**3 + 2*f**3. What are the prime factors of g(4)?
3
Suppose 0 = g - 2 + 2. List the prime factors of (g - 0) + (-7)/(14/(-48)).
2, 3
Let p = 2363 - 672. What are the prime factors of p?
19, 89
Let g(m) = m**2 + 24*m - 42. What are the prime factors of g(14)?
2, 5, 7
Let b(t) = -2 + 9 - 12*t**2 + 13*t**2 + 3*t. Suppose -5 + 25 = -5*f, -3*p + 3*f = 0. List the prime factors of b(p).
11
Let v = 2069 + -1513. What are the prime factors of v?
2, 139
Let a = -352 - -688. List the prime factors of a.
2, 3, 7
Let z(v) = -v**3 - 5*v**2 - v - 12. Suppose -2 = -2*t - 6. Let x = -4 + t. List the prime factors of z(x).
2, 3, 5
Let r(y) = -y**3 + 2*y**2 - 8*y - 4. Let n be r(5). Let v = n + 199. What are the prime factors of v?
2, 5
Let l(u) = 83*u + 1. Suppose -4 = -j - 3. Let o be l(j). Let x = o - 50. List the prime factors of x.
2, 17
Let j(d) = 31*d**2 + 4*d + 25. What are the prime factors of j(-3)?
2, 73
Suppose -5*h = 6*h - 22. What are the prime factors of h?
2
Let y be (8/2)/(3 + -5). Let a(j) = -4*j**3 - 3*j - 2. List the prime factors of a(y).
2, 3
Let j(g) = 0 + 2 + 2 - g. Let f(y) = -y**3 + 3*y + 2. Let z be f(0). List the prime factors 